vided by 5?
4
Calculate the remainder when 174748 is divided by 514.
502
What is the remainder when 168154 is divided by 4544?
26
What is the remainder when 412 is divided by 377?
35
What is the remainder when 21611 is divided by 5400?
11
What is the remainder when 19073 is divided by 4764?
17
Calculate the remainder when 1791 is divided by 26.
23
What is the remainder when 155190 is divided by 537?
534
What is the remainder when 25700 is divided by 252?
248
What is the remainder when 5556 is divided by 14?
12
What is the remainder when 732 is divided by 140?
32
What is the remainder when 27142 is divided by 4479?
268
Calculate the remainder when 36576 is divided by 885.
291
What is the remainder when 60267 is divided by 52?
51
What is the remainder when 38984 is divided by 1624?
8
What is the remainder when 83458 is divided by 16691?
3
Calculate the remainder when 450725 is divided by 225355.
15
What is the remainder when 224777 is divided by 1690?
7
Calculate the remainder when 9964 is divided by 113.
20
What is the remainder when 153778 is divided by 124?
18
What is the remainder when 9103 is divided by 2273?
11
What is the remainder when 4351 is divided by 85?
16
Calculate the remainder when 262077 is divided by 16.
13
What is the remainder when 184475 is divided by 61473?
56
What is the remainder when 107 is divided by 99?
8
What is the remainder when 4692 is divided by 3928?
764
Calculate the remainder when 1519 is divided by 25.
19
Calculate the remainder when 1119 is divided by 660.
459
What is the remainder when 19627 is divided by 16?
11
Calculate the remainder when 116991 is divided by 60.
51
What is the remainder when 43507 is divided by 10?
7
Calculate the remainder when 2889889 is divided by 963290.
19
What is the remainder when 6995 is divided by 3466?
63
What is the remainder when 22873 is divided by 186?
181
What is the remainder when 33024 is divided by 69?
42
Calculate the remainder when 4614305 is divided by 87.
86
Calculate the remainder when 655569 is divided by 655566.
3
Calculate the remainder when 19619 is divided by 300.
119
Calculate the remainder when 8239 is divided by 57.
31
What is the remainder when 2861 is divided by 95?
11
Calculate the remainder when 673974 is divided by 47.
41
What is the remainder when 7521 is divided by 1391?
566
Calculate the remainder when 1470 is divided by 1464.
6
Calculate the remainder when 65895 is divided by 3.
0
Calculate the remainder when 9161 is divided by 2991.
188
What is the remainder when 1052196 is divided by 15?
6
What is the remainder when 118743 is divided by 191?
132
Calculate the remainder when 8217 is divided by 1366.
21
What is the remainder when 136 is divided by 21?
10
Calculate the remainder when 994 is divided by 69.
28
What is the remainder when 545235 is divided by 54?
51
What is the remainder when 502654 is divided by 476?
474
Calculate the remainder when 34282 is divided by 11427.
1
What is the remainder when 2311510 is divided by 168?
166
What is the remainder when 2998 is divided by 130?
8
What is the remainder when 108669 is divided by 515?
4
What is the remainder when 49933 is divided by 16?
13
Calculate the remainder when 16230 is divided by 8109.
12
Calculate the remainder when 91224 is divided by 155.
84
What is the remainder when 10646 is divided by 23?
20
What is the remainder when 312699 is divided by 45?
39
Calculate the remainder when 35845 is divided by 46.
11
What is the remainder when 11510 is divided by 601?
91
Calculate the remainder when 1355 is divided by 160.
75
Calculate the remainder when 72526 is divided by 6033.
130
Calculate the remainder when 49523 is divided by 4.
3
Calculate the remainder when 9305 is divided by 227.
225
Calculate the remainder when 38980 is divided by 997.
97
Calculate the remainder when 197142 is divided by 244.
234
Calculate the remainder when 1311 is divided by 493.
325
Calculate the remainder when 42452 is divided by 8489.
7
Calculate the remainder when 803 is divided by 793.
10
What is the remainder when 2709 is divided by 864?
117
What is the remainder when 5630558 is divided by 160?
158
Calculate the remainder when 11131 is divided by 11.
10
What is the remainder when 32997 is divided by 55?
52
Calculate the remainder when 220885 is divided by 35.
0
What is the remainder when 317716 is divided by 38?
36
Calculate the remainder when 49760 is divided by 12.
8
What is the remainder when 45577 is divided by 59?
29
What is the remainder when 1040 is divided by 173?
2
Calculate the remainder when 388583 is divided by 134.
117
What is the remainder when 6113 is divided by 359?
10
Calculate the remainder when 31816 is divided by 2887.
59
Calculate the remainder when 60145 is divided by 123.
121
Calculate the remainder when 4126 is divided by 538.
360
Calculate the remainder when 71685 is divided by 7964.
9
What is the remainder when 2487 is divided by 470?
137
What is the remainder when 33034 is divided by 516?
10
What is the remainder when 7098 is divided by 225?
123
What is the remainder when 507 is divided by 159?
30
What is the remainder when 1682 is divided by 68?
50
What is the remainder when 38602 is divided by 95?
32
What is the remainder when 323701 is divided by 8?
5
Calculate the remainder when 1070050 is divided by 45.
40
What is the remainder when 2369 is divided by 1180?
9
Calculate the remainder when 197387 is divided by 188.
175
Calculate the remainder when 87870 is divided by 127.
113
Calculate the remainder when 34897 is divided by 4362.
1
Calculate the remainder when 27372 is divided by 131.
124
Calculate the remainder when 1989 is divided by 66.
9
Calculate the remainder when 2482838 is divided by 91.
85
Calculate the remainder when 760 is divided by 754.
6
Calculate the remainder when 6378489 is divided by 29.
26
Calculate the remainder when 23881 is divided by 28.
25
What is the remainder when 1716 is divided by 856?
4
Calculate the remainder when 3943 is divided by 68.
67
What is the remainder when 7384 is divided by 432?
40
What is the remainder when 31292 is divided by 10250?
542
Calculate the remainder when 1788 is divided by 53.
39
Calculate the remainder when 120711 is divided by 24133.
46
Calculate the remainder when 965 is divided by 150.
65
What is the remainder when 14025 is divided by 583?
33
Calculate the remainder when 11507 is divided by 6.
5
Calculate the remainder when 1919 is divided by 81.
56
What is the remainder when 58109 is divided by 387?
59
What is the remainder when 5972 is divided by 62?
20
Calculate the remainder when 37448 is divided by 673.
433
What is the remainder when 22527 is divided by 358?
331
What is the remainder when 1530 is divided by 1339?
191
Calculate the remainder when 39734 is divided by 204.
158
Calculate the remainder when 2450847 is divided by 928.
927
Calculate the remainder when 7590 is divided by 2496.
102
What is the remainder when 616958 is divided by 441?
440
What is the remainder when 3822 is divided by 9?
6
What is the remainder when 13544 is divided by 2685?
119
What is the remainder when 89400 is divided by 22347?
12
Calculate the remainder when 2041103 is divided by 12.
11
Calculate the remainder when 326 is divided by 4.
2
Calculate the remainder when 8999 is divided by 243.
8
What is the remainder when 117152 is divided by 3779?
3
What is the remainder when 20729 is divided by 101?
24
Calculate the remainder when 707 is divided by 290.
127
What is the remainder when 500307 is divided by 953?
935
Calculate the remainder when 26305 is divided by 133.
104
Calculate the remainder when 307 is divided by 49.
13
Calculate the remainder when 5656 is divided by 5495.
161
Calculate the remainder when 751 is divided by 39.
10
What is the remainder when 9345 is divided by 258?
57
What is the remainder when 1316 is divided by 581?
154
Calculate the remainder when 22260 is divided by 741.
30
What is the remainder when 679888 is divided by 5?
3
Calculate the remainder when 90728 is divided by 90728.
0
Calculate the remainder when 230979 is divided by 131.
26
Calculate the remainder when 1340333 is divided by 71.
66
Calculate the remainder when 158548 is divided by 26422.
16
Calculate the remainder when 28673 is divided by 29.
21
What is the re